e the remainder when 26 is divided by m.
8
Let n(a) = -a**2 - 7*a + 2. Let c be n(-7). Let z = 3 - c. Calculate the remainder when 3 is divided by z.
0
Suppose -24 = -2*j + 12. Let i = j - 15. Calculate the remainder when i is divided by 2.
1
Let c(m) = m**3 - 3*m**2 + m + 2. Let q be c(3). Suppose 0*x = -x + q. Let l = 6 - x. What is the remainder when 2 is divided by l?
0
Suppose -d = 4*d. Suppose -5*r - 5*b + 3*b + 241 = d, -5*b + 186 = 4*r. Calculate the remainder when r is divided by 17.
15
Let x = 90 + -79. Calculate the remainder when x is divided by 4.
3
Suppose 2*p = 5*p - 216. Suppose q + q = p. Calculate the remainder when q is divided by (-13)/((-3 - -7) + -5).
10
Suppose 3*x + s = -4, -4*x = 3*s - 5 + 12. What is the remainder when x - (63*-1 - 3) is divided by 17?
14
Let z = -48 + 66. What is the remainder when 53 is divided by z?
17
Let k(b) = b**2 - 5. Let q(y) = y**2 - y - 6. Let u(d) = 3*k(d) - 2*q(d). Suppose -5*j - 11 = -6*j. What is the remainder when u(4) is divided by j?
10
Let l = 38 + -22. Suppose -4*i + 92 - l = 0. Calculate the remainder when i is divided by 11.
8
Suppose -7*g - 200 = -15*g. What is the remainder when 51 - (3 + -1)/1 is divided by g?
24
Suppose -g + 0 = -2. Suppose -5*s = 4*t - 136, g*t = -s + 4*s + 46. Calculate the remainder when t is divided by 16.
13
Suppose 242 = 2*l + 54. Calculate the remainder when l is divided by 24.
22
Suppose -4*s + 15 = -m, 0*m = -4*s - m + 25. Calculate the remainder when 8 is divided by s.
3
Suppose 5*c + 5*h - 205 = 0, 3*c - 3*h = 21 + 78. Calculate the remainder when 145 is divided by c.
34
Suppose 0 = -16*f + 2*f + 168. Suppose 0 = -3*m + 17 - 47. Let t = m + f. Calculate the remainder when t is divided by 1.
0
Suppose 3*v - 4 = 317. Calculate the remainder when v is divided by 9*(2 - (1 - 2)).
26
Suppose -4*i - 4 = -6*i. Suppose -i*v - 8 + 38 = 0. What is the remainder when v is divided by 6?
3
Calculate the remainder when 59 is divided by ((-1)/3)/(6/(-270)).
14
Let r = -11 - -15. What is the remainder when 36 is divided by (1/2)/(r/152)?
17
Let o be ((-1)/((-4)/12))/1. Suppose -o*y + 50 = -4*u + 3*u, 2*y = 4*u + 40. What is the remainder when 31 is divided by y?
15
Suppose -a + 3 - 5 = 0. Let n = 45 - 22. What is the remainder when (-8 - -3)*18/a is divided by n?
22
Let r be (-4)/3*9/(-2). Let p = r + -2. What is the remainder when 7 is divided by p?
3
Let p = 79 - 52. What is the remainder when 49 is divided by p?
22
Suppose -40 = 3*g - 7*g. Let v = -35 + 64. What is the remainder when v is divided by g?
9
Let n(g) = -g**2 + 2*g + 53. Let i be n(0). Suppose -3*h - 13 + i = j, -h = -4*j - 35. Calculate the remainder when 58 is divided by h.
13
Suppose -4*x + 47 = 3. Let l = 1 + 42. Calculate the remainder when l is divided by x.
10
What is the remainder when ((-119)/(-2) - 1/2) + 0 is divided by 15?
14
Let o = 319 - 194. What is the remainder when o is divided by 14?
13
Let c(h) = h**3 + 21*h**2 + 17*h - 47. What is the remainder when 89 is divided by c(-20)?
11
Suppose -36 = 6*b - 9*b. What is the remainder when 21 is divided by b?
9
Suppose -2*l = -4*l + 22. Let v = -4 + l. What is the remainder when v is divided by 4 + (-1)/(-1 - -2)?
1
Suppose 0 = -0*q - 5*q + 235. Let c(p) = p**2 + 8*p + 6. Let h be c(-9). Suppose -l = 3 - h. What is the remainder when q is divided by l?
11
Suppose -4*q - 25 = 35. Suppose 5*p - 26 = 5*x + 39, 0 = -2*p - 3*x + 36. Calculate the remainder when -10*(27/q + -1) is divided by p.
13
Suppose -3*f = -5*r - 15, -2*f = -3*r - 2 - 9. What is the remainder when 37 is divided by f?
7
Let k = -6 + 10. Suppose -22 = -k*u + 6. Let w(v) = -v**3 + v**2 + 4*v + 1. Calculate the remainder when w(-3) is divided by u.
4
Let u be 2/3 - 92/3. Let a = -20 - u. Calculate the remainder when 17 is divided by a.
7
Let h be (3/(-2) - -2)*-2. What is the remainder when h/2 - 265/(-10) is divided by 9?
8
Suppose -6*j + 20 = -j. Suppose -j*o = 4, -5*o - 105 = -p - 3*p. Calculate the remainder when p is divided by 7.
4
Suppose 3*z - 43 = 5*y, 5*z = -0*z - 3*y + 83. What is the remainder when z is divided by 9?
7
What is the remainder when 36 is divided by (-6)/(-2) - 76/(-4)?
14
Calculate the remainder when 70 is divided by 1/(-1) - (0 - (-128)/(-8)).
10
What is the remainder when 27*(5 - 20)/(-5) is divided by 17?
13
Suppose 0 = -3*q + 2*c + c + 27, -5*q = -c - 65. What is the remainder when q is divided by 5?
4
Suppose -178 = -5*q + 3*q. What is the remainder when q is divided by 23?
20
Let v(o) = -3 + o**2 + 3*o + 4 - 7. Let c be v(-6). Let r = -7 + c. What is the remainder when 8 is divided by r?
3
What is the remainder when 15 is divided by (16/(-7))/(34/(-119))?
7
Suppose h + 72 = -3*h. Let m be h/(-4)*4 + 2. Let p = m - 14. What is the remainder when p is divided by 4?
2
Suppose 4*j + 5*w - 2*w - 15 = 0, -2*w = j - 5. Let d = 37 - 26. Let l = -3 + d. What is the remainder when l is divided by j?
2
Let f(z) = -5*z**2 - 10*z - 7. Let g(y) = -9*y**2 - 19*y - 14. Let i(q) = 11*f(q) - 6*g(q). Calculate the remainder when 13 is divided by i(4).
6
Suppose k - 9 = -x, -2*x + 6*x = -2*k + 18. Suppose -d + 5 = -2*o, -3*o - 2*d = -0*o + 25. Let m = k + o. What is the remainder when 7 is divided by m?
3
Suppose 4*p + 0*p - 16 = 0. Suppose -20 = 4*h + p*d, 3*h + d + 4 = -1. Suppose -3*s + 45 = -h*s. Calculate the remainder when s is divided by 9.
6
Let d = 33 - 22. Suppose 4*x + 3*f + 12 = 0, 2*f = -x + 3 - d. What is the remainder when 40 is divided by (x + -14)/(-1 - 0)?
12
Suppose 12 = -q + 3*q. What is the remainder when 86/8 + q/24 is divided by 4?
3
Suppose 0 = 2*w - 7 - 1. Suppose 4*t + 6 = 3*l, 0*l + 5*t + 4 = 2*l. What is the remainder when w is divided by l?
0
Suppose -42 = -7*n + 14. Suppose -1 = -3*r + 8. Calculate the remainder when n is divided by r.
2
Let z = -8 - -5. Let j = -4 - z. Calculate the remainder when 37 is divided by (j + 17/4)*4.
11
Suppose 0 = -4*s + 3*s + 33. Calculate the remainder when s is divided by 9.
6
Let k(i) = 3*i + 1. Let v = 82 + -70. Calculate the remainder when v is divided by k(2).
5
Let g(j) = j**2. Let h be g(-2). Suppose h*v - 2*i + 5*i = -4, 5*v - 3*i = -32. Let a = v - -11. Calculate the remainder when 13 is divided by a.
6
Suppose -34 + 1 = 3*x. Let v = x + 28. What is the remainder when v is divided by 5?
2
Suppose -50 = 5*u - 260. What is the remainder when (1 + (-3)/(-6))*u is divided by 22?
19
Let s(t) = 2*t**2 - 39*t - 43. What is the remainder when 22 is divided by s(21)?
2
Let d(c) = -c. Let l be d(-2). Calculate the remainder when (-2 - (1 - l))*-14 is divided by 5.
4
Let n(m) = m**3 - 2*m**2 - 4*m - 2. What is the remainder when n(4) is divided by 8?
6
Suppose 2 = -5*m + 17. Suppose -4*l + 86 = -2*j, 0 = -m*l - 2*j + 12 + 42. What is the remainder when 58 is divided by l?
18
Calculate the remainder when 43 is divided by (4/(-5))/((-8)/220).
21
Suppose -3*y + 2*f + 104 = y, -3*y - 2*f = -64. Calculate the remainder when y is divided by 9.
6
Let t = 70 + -43. What is the remainder when t is divided by (-10)/(-35) - 192/(-14)?
13
Let w be -1*3 + 5/5. Let q be w/((15/(-6))/5). Suppose q*x - 5*k = -0*x + 226, -5*x + 5*k + 285 = 0. What is the remainder when x is divided by 15?
14
Let h = 21 + 44. What is the remainder when h is divided by 22?
21
Let p(r) = -r**2 + r + 1. Let f(w) = 13*w**2 + 6*w + 6. Let t(v) = f(v) - 5*p(v). What is the remainder when t(-1) is divided by 10?
8
Suppose 2*r + 80 = 3*d, 2*d - 7*r + 3*r = 64. Calculate the remainder when 45 is divided by d.
21
Let g = 99 + -56. What is the remainder when g is divided by 11?
10
Suppose -10 = -z - 2. What is the remainder when 13 is divided by z?
5
Calculate the remainder when (-2 + 4)/((-3)/(-24)) is divided by 7.
2
Let n(q) = q**3 - 3*q**2 - 3*q + 3. What is the remainder when (-3)/3*26*-1 is divided by n(4)?
5
Suppose 4 = m - 1. Suppose -4*l - l + 2*a = -71, -4*l + 43 = 3*a. Calculate the remainder when l is divided by m.
3
Let t(x) = -x**2 + 4*x + 11. Let c be t(6). Let p(m) = -2*m - 1 + 1. Calculate the remainder when p(c) is divided by 2.
0
Suppose 0 = 5*m - 2 - 13. Let g(r) = 7*r. What is the remainder when 61 is divided by g(m)?
19
Let k(d) = d + 5. Let c be k(-4). Suppose -j = 5*y + 2, -c + 2 = -j - 4*y. Let b = 4 - j. What is the remai